{"id":3996,"date":"2022-09-12T18:19:10","date_gmt":"2022-09-12T18:19:10","guid":{"rendered":"https:\/\/sp3.mikolow.eu\/?page_id=3996"},"modified":"2026-04-17T11:03:48","modified_gmt":"2026-04-17T10:03:48","slug":"jadlospis","status":"publish","type":"page","link":"https:\/\/sp3.mikolow.eu\/index.php\/jadlospis\/","title":{"rendered":"Jad\u0142ospis"},"content":{"rendered":"<p><span style=\"font-family: arial, helvetica, sans-serif;\"><strong>HARMONOGRAM WYDAWANIA OBIAD\u00d3W&nbsp;<\/strong><\/span><\/p>\n<p><span style=\"font-family: arial, helvetica, sans-serif;\"><a href=\"https:\/\/sp3.mikolow.eu\/wp-content\/uploads\/2025\/09\/HARMONOGRAM-WYDAWANIA-OBIADOW-25-26.docx\">HARMONOGRAM WYDAWANIA OBIAD\u00d3W 25-26<\/a><\/span><\/p>\n<p><span style=\"font-family: arial, helvetica, sans-serif;\"><a href=\"https:\/\/sp3.mikolow.eu\/wp-content\/uploads\/2026\/01\/REGULAMIN-STOLOWKI-SZKOLNEJ-SP-MDS-2.odt\">REGULAMIN-STOLOWKI-SZKOLNEJ-SP-MDS<\/a><\/span><\/p>\n<p><span style=\"font-family: arial, helvetica, sans-serif;\"><strong>J A D \u0141 O S P I S<\/strong><\/span><\/p>\n<p><span style=\"font-family: arial, helvetica, sans-serif;\"><a href=\"https:\/\/sp3.mikolow.eu\/wp-content\/uploads\/2026\/04\/08.04-17.04.2026.docx\">08.04-17.04.2026<\/a><br \/>\n<a href=\"https:\/\/sp3.mikolow.eu\/wp-content\/uploads\/2026\/04\/20.04-30.04.2026.docx\">20.04-30.04.2026<\/a><br \/>\n<\/span><\/p>\n<p><span style=\"font-family: arial, helvetica, sans-serif;\"><strong><span style=\"color: #993300;\">Do przygotowania posi\u0142k\u00f3w u\u017cywane s\u0105 przyprawy:<\/span> pieprz czarny, ziele angielskie, li\u015b\u0107 laurowy, majeranek, oregano, bazylia, papryka czerwona s\u0142odka, przyprawa do ryb, lubczyk, kminek, cynamon, cukier waniliowy.<br \/>\n<span style=\"color: #993300;\">Zgodnie z informacjami od producenta w\/w przyprawy mog\u0105 zawiera\u0107 \u015bladowe ilo\u015bci glutenu, mleka, jaj, soi, selera i gorczycy.<\/span><\/strong><\/span><br \/>\n<span style=\"font-family: arial, helvetica, sans-serif;\"><strong><br \/>\n<span style=\"color: #339966;\">Lista alergen\u00f3w wyst\u0119puj\u0105cych w jad\u0142ospisie- legenda:<\/span><\/strong><\/span><br \/>\n<span style=\"font-family: arial, helvetica, sans-serif;\"><strong>1. Zbo\u017ca zawieraj\u0105ce gluten (pszenica, \u017cyto, j\u0119czmie\u0144, owies, orkisz)<\/strong><\/span><br \/>\n<span style=\"font-family: arial, helvetica, sans-serif;\"><strong>2. Bia\u0142ka mleka krowiego<\/strong><\/span><br \/>\n<span style=\"font-family: arial, helvetica, sans-serif;\"><strong>3. Jaja<\/strong><\/span><br \/>\n<span style=\"font-family: arial, helvetica, sans-serif;\"><strong>4. Ryby<\/strong><\/span><br \/>\n<span style=\"font-family: arial, helvetica, sans-serif;\"><strong>5. Seler<\/strong><\/span><br \/>\n<span style=\"font-family: arial, helvetica, sans-serif;\"><strong>6. Orzechy<\/strong><\/span><br \/>\n<span style=\"font-family: arial, helvetica, sans-serif;\"><strong>7. Orzechy ziemne<\/strong><\/span><br \/>\n<span style=\"font-family: arial, helvetica, sans-serif;\"><strong>8. Soja<\/strong><\/span><br \/>\n<span style=\"font-family: arial, helvetica, sans-serif;\"><strong>9. Sezam<\/strong>&nbsp;<\/span><br \/>\n<span style=\"font-family: arial, helvetica, sans-serif;\"><strong>10. <\/strong><strong>Dwutlenek siarki i siarczyny<\/strong>&nbsp;<\/span><br \/>\n<span style=\"font-family: arial, helvetica, sans-serif;\"><strong>11. Gorczyca<\/strong><\/span><br \/>\n<span style=\"font-family: arial, helvetica, sans-serif;\"><strong>12. \u0141ubin<\/strong><\/span><br \/>\n<span style=\"font-family: arial, helvetica, sans-serif;\"><strong>13. Skorupiaki<\/strong><\/span><br \/>\n<span style=\"font-family: arial, helvetica, sans-serif;\"><strong>14. Mi\u0119czaki<\/strong><\/span><\/p>\n<p><span style=\"color: #339966; font-family: arial, helvetica, sans-serif;\"><strong>Jad\u0142ospis z uwzgl\u0119dnieniem zasad zdrowego \u017cywienia<\/strong><\/span><\/p>\n<p><span style=\"color: #339966; font-family: arial, helvetica, sans-serif;\"><strong><u>G\u0142\u00f3wne wytyczne:<\/u><\/strong><\/span><\/p>\n<p><span style=\"font-family: arial, helvetica, sans-serif;\"><strong>&#8211; obiad powinien pokrywa\u0107 ok. 30% dziennego zapotrzebowania energetycznego ucznia<br \/>\nwg normy \u015bredniowa\u017conej ok 612kcal<\/strong><\/span><\/p>\n<p><span style=\"font-family: arial, helvetica, sans-serif;\"><strong>&#8211; energia pochodz\u0105ca z bia\u0142ek 10%- 12% (min. 11g)<\/strong><\/span><\/p>\n<p><span style=\"font-family: arial, helvetica, sans-serif;\"><strong>&#8211; energia pochodz\u0105ca z t\u0142uszcz\u00f3w 30% (min.20g)_<\/strong><\/span><\/p>\n<p><span style=\"font-family: arial, helvetica, sans-serif;\"><strong>&#8211; energia pochodz\u0105ca z w\u0119glowodan\u00f3w 50% (min.35g)<\/strong><\/span><\/p>\n<p><span style=\"color: #333399; font-family: arial, helvetica, sans-serif;\"><strong>Zr\u00f3\u017cnicowany dob\u00f3r produkt\u00f3w z ka\u017cdej grupy<br \/>\nz piramidy zdrowego \u017cywienia z uwzgl\u0119dnieniem:<\/strong><\/span><\/p>\n<p><span style=\"color: #333399; font-family: arial, helvetica, sans-serif;\"><strong>&nbsp;<\/strong><strong>* <\/strong><strong>Niskiej zawarto\u015bci sodu\/soli<\/strong><\/span><\/p>\n<p><span style=\"color: #333399; font-family: arial, helvetica, sans-serif;\"><strong>&nbsp;<\/strong><strong>*&nbsp;<\/strong><strong>Maksymalnej zawarto\u015bci 10g t\u0142uszczu w 100g produktu gotowego<\/strong><\/span><\/p>\n<p><span style=\"color: #333399; font-family: arial, helvetica, sans-serif;\"><strong>&nbsp;* &nbsp;<\/strong><strong>Z naturalnych, \u015bwie\u017cych sk\u0142adnik\u00f3w<\/strong><\/span><\/p>\n<p><span style=\"font-family: arial, helvetica, sans-serif;\"><strong><img src=\"\/files\/nowa_piramida_zdrowego_zywienia.png\" alt=\"\" data-cke-saved-src=\"\/files\/nowa_piramida_zdrowego_zywienia.png\"><\/strong><strong><img src=\"\/files\/nowa_piramida_zdrowego_zywienia.png\" alt=\"\" data-cke-saved-src=\"\/files\/nowa_piramida_zdrowego_zywienia.png\"><\/strong><\/span><\/p>\n","protected":false},"excerpt":{"rendered":"<p>HARMONOGRAM WYDAWANIA OBIAD\u00d3W&nbsp; HARMONOGRAM WYDAWANIA OBIAD\u00d3W 25-26 REGULAMIN-STOLOWKI-SZKOLNEJ-SP-MDS J A D \u0141 O S P I S 08.04-17.04.2026 20.04-30.04.2026 Do przygotowania posi\u0142k\u00f3w u\u017cywane s\u0105 przyprawy: pieprz czarny, ziele angielskie, li\u015b\u0107 laurowy, majeranek, oregano, bazylia, papryka czerwona s\u0142odka, przyprawa do ryb, lubczyk, kminek, cynamon, cukier waniliowy. Zgodnie z informacjami od producenta [&hellip;]<\/p>\n","protected":false},"author":2,"featured_media":0,"parent":0,"menu_order":0,"comment_status":"closed","ping_status":"closed","template":"","meta":{"ngg_post_thumbnail":0},"_links":{"self":[{"href":"https:\/\/sp3.mikolow.eu\/index.php\/wp-json\/wp\/v2\/pages\/3996"}],"collection":[{"href":"https:\/\/sp3.mikolow.eu\/index.php\/wp-json\/wp\/v2\/pages"}],"about":[{"href":"https:\/\/sp3.mikolow.eu\/index.php\/wp-json\/wp\/v2\/types\/page"}],"author":[{"embeddable":true,"href":"https:\/\/sp3.mikolow.eu\/index.php\/wp-json\/wp\/v2\/users\/2"}],"replies":[{"embeddable":true,"href":"https:\/\/sp3.mikolow.eu\/index.php\/wp-json\/wp\/v2\/comments?post=3996"}],"version-history":[{"count":78,"href":"https:\/\/sp3.mikolow.eu\/index.php\/wp-json\/wp\/v2\/pages\/3996\/revisions"}],"predecessor-version":[{"id":11535,"href":"https:\/\/sp3.mikolow.eu\/index.php\/wp-json\/wp\/v2\/pages\/3996\/revisions\/11535"}],"wp:attachment":[{"href":"https:\/\/sp3.mikolow.eu\/index.php\/wp-json\/wp\/v2\/media?parent=3996"}],"curies":[{"name":"wp","href":"https:\/\/api.w.org\/{rel}","templated":true}]}}