{"id":3805,"date":"2022-07-28T09:00:14","date_gmt":"2022-07-28T09:00:14","guid":{"rendered":"https:\/\/sp3.mikolow.eu\/?page_id=3805"},"modified":"2026-01-30T15:00:34","modified_gmt":"2026-01-30T14:00:34","slug":"regulamin-swietlicy","status":"publish","type":"page","link":"https:\/\/sp3.mikolow.eu\/index.php\/swietlica\/regulamin-swietlicy\/","title":{"rendered":"Regulamin \u015bwietlicy"},"content":{"rendered":"<p><span style=\"font-family: arial, helvetica, sans-serif;\"><strong>REGULAMIN \u015aWIETLICY SZKOLNEJ<\/strong><\/span><\/p>\n<p><span style=\"font-family: arial, helvetica, sans-serif;\"><strong>w Szkole Podstawowej nr 3 z Oddzia\u0142ami Integracyjnymi im. Polskich Olimpijczyk\u00f3w<br \/>\nw Miko\u0142owie<\/strong><\/span><\/p>\n<p><span style=\"font-family: arial, helvetica, sans-serif; color: #003366;\"><a style=\"color: #003366;\" href=\"https:\/\/sp3.mikolow.eu\/wp-content\/uploads\/2024\/02\/REGULAMIN-SWIETLICY-SZKOLNEJ-MDS.odt\">REGULAMIN SWIETLICY SZKOLNEJ<\/a><\/span><\/p>\n<p><span style=\"font-family: arial, helvetica, sans-serif;\"><strong>Regulamin sto\u0142\u00f3wki szkolnej&nbsp;&nbsp;i zasady odp\u0142atno\u015bci za obiady w szkole.<\/strong><\/span><\/p>\n<p><span style=\"font-family: arial, helvetica, sans-serif;\"><strong>w Szkole Podstawowej nr 3 z Oddzia\u0142ami Integracyjnymi<br \/>\nim. Polskich Olimpijczyk\u00f3w&nbsp;w Miko\u0142owie<\/strong><\/span><\/p>\n<p><span style=\"font-family: arial, helvetica, sans-serif;\"><a href=\"https:\/\/sp3.mikolow.eu\/wp-content\/uploads\/2026\/01\/REGULAMIN-STOLOWKI-SZKOLNEJ-SP-MDS-2.odt\">REGULAMIN-STOLOWKI-SZKOLNEJ-SP-MDS<\/a><\/span><\/p>\n<p><span style=\"font-family: arial, helvetica, sans-serif;\"><strong>Procedury obowi\u0105zuj\u0105ce w \u015bwietlicy szkolnej&nbsp;<br \/>\nw Szkole Podstawowej nr 3 z Oddzia\u0142ami Integracyjnymi<br \/>\nim. Polskich Olimpijczyk\u00f3w&nbsp;w Miko\u0142owie<\/strong><\/span><\/p>\n<p><span style=\"font-family: arial, helvetica, sans-serif;\"><a href=\"https:\/\/sp3.mikolow.eu\/wp-content\/uploads\/2022\/09\/klauzula_RODO.pdf\"><span style=\"color: #993366;\">klauzula RODO<\/span><\/a><\/span><\/p>\n<p><span style=\"font-family: arial, helvetica, sans-serif;\"><a href=\"https:\/\/sp3.mikolow.eu\/wp-content\/uploads\/2024\/05\/PROCEDURY-SWIETLICA.docx\">PROCEDURY \u015aWIETLICY<\/a><\/span><\/p>\n","protected":false},"excerpt":{"rendered":"<p>REGULAMIN \u015aWIETLICY SZKOLNEJ w Szkole Podstawowej nr 3 z Oddzia\u0142ami Integracyjnymi im. Polskich Olimpijczyk\u00f3w w Miko\u0142owie REGULAMIN SWIETLICY SZKOLNEJ Regulamin sto\u0142\u00f3wki szkolnej&nbsp;&nbsp;i zasady odp\u0142atno\u015bci za obiady w szkole. w Szkole Podstawowej nr 3 z Oddzia\u0142ami Integracyjnymi im. Polskich Olimpijczyk\u00f3w&nbsp;w Miko\u0142owie REGULAMIN-STOLOWKI-SZKOLNEJ-SP-MDS Procedury obowi\u0105zuj\u0105ce w \u015bwietlicy szkolnej&nbsp; w Szkole Podstawowej nr [&hellip;]<\/p>\n","protected":false},"author":2,"featured_media":0,"parent":3554,"menu_order":0,"comment_status":"closed","ping_status":"closed","template":"","meta":{"ngg_post_thumbnail":0},"_links":{"self":[{"href":"https:\/\/sp3.mikolow.eu\/index.php\/wp-json\/wp\/v2\/pages\/3805"}],"collection":[{"href":"https:\/\/sp3.mikolow.eu\/index.php\/wp-json\/wp\/v2\/pages"}],"about":[{"href":"https:\/\/sp3.mikolow.eu\/index.php\/wp-json\/wp\/v2\/types\/page"}],"author":[{"embeddable":true,"href":"https:\/\/sp3.mikolow.eu\/index.php\/wp-json\/wp\/v2\/users\/2"}],"replies":[{"embeddable":true,"href":"https:\/\/sp3.mikolow.eu\/index.php\/wp-json\/wp\/v2\/comments?post=3805"}],"version-history":[{"count":11,"href":"https:\/\/sp3.mikolow.eu\/index.php\/wp-json\/wp\/v2\/pages\/3805\/revisions"}],"predecessor-version":[{"id":10599,"href":"https:\/\/sp3.mikolow.eu\/index.php\/wp-json\/wp\/v2\/pages\/3805\/revisions\/10599"}],"up":[{"embeddable":true,"href":"https:\/\/sp3.mikolow.eu\/index.php\/wp-json\/wp\/v2\/pages\/3554"}],"wp:attachment":[{"href":"https:\/\/sp3.mikolow.eu\/index.php\/wp-json\/wp\/v2\/media?parent=3805"}],"curies":[{"name":"wp","href":"https:\/\/api.w.org\/{rel}","templated":true}]}}