{"id":3709,"date":"2022-07-28T06:29:44","date_gmt":"2022-07-28T06:29:44","guid":{"rendered":"https:\/\/sp3.mikolow.eu\/?page_id=3709"},"modified":"2023-12-19T19:40:54","modified_gmt":"2023-12-19T17:40:54","slug":"szkola-odkrywcow-talentow","status":"publish","type":"page","link":"https:\/\/sp3.mikolow.eu\/index.php\/o-szkole\/szkola-odkrywcow-talentow\/","title":{"rendered":"Szko\u0142a Odkrywc\u00f3w Talent\u00f3w"},"content":{"rendered":"<p><span style=\"font-family: arial, helvetica, sans-serif;\">Nasza szko\u0142a znalaz\u0142a si\u0119 w elitarnym gronie Szk\u00f3\u0142 Odkrywc\u00f3w Talent\u00f3w. W wojew\u00f3dztwie \u015bl\u0105skim ten tytu\u0142 do dnia&nbsp;11 listopada 2011 roku otrzyma\u0142o 137 szk\u00f3\u0142. Akcja przyznawania tytu\u0142u \u201eSzko\u0142a Odkrywc\u00f3w Talent\u00f3w\u201d pod patronatem Ministra Edukacji Narodowej przyczynia si\u0119 do odkrywania, promocji i wspierania uzdolnie\u0144 dzieci i m\u0142odzie\u017cy. W ramach projektu naszej szko\u0142y nauczyciele opisali dzia\u0142alno\u015b\u0107 prowadzonych zaj\u0119\u0107 pozalekcyjnych: <strong>ko\u0142a przyrodniczo-ekologicznego Kameleon, k\u00f3\u0142ka muzycznego, zaj\u0119\u0107 sportowych, <\/strong>a tak\u017ce <strong>klubu wolontariatu<\/strong>.<\/span><\/p>\n<p><span style=\"font-family: arial, helvetica, sans-serif;\">Jeste\u015bmy dumni z tego osi\u0105gni\u0119cia, tym bardziej, \u017ce w powiecie miko\u0142owskim tylko trzy szko\u0142y otrzyma\u0142y ten tytu\u0142.<\/span><\/p>\n<p><span style=\"font-family: arial, helvetica, sans-serif;\"><strong><a href=\"http:\/\/www.ore.edu.pl\/index.php?option=com_content&amp;view=article&amp;id=1248&amp;Itemid=1499\">Szko\u0142y Odkrywc\u00f3w Talent\u00f3w<\/a><\/strong><\/span><\/p>\n<p><span style=\"font-family: arial, helvetica, sans-serif;\"><img loading=\"lazy\" class=\"aligncenter wp-image-3710 size-full\" src=\"https:\/\/sp3.mikolow.eu\/wp-content\/uploads\/2022\/07\/szkola_talentow.jpg\" alt=\"\" width=\"429\" height=\"595\" srcset=\"https:\/\/sp3.mikolow.eu\/wp-content\/uploads\/2022\/07\/szkola_talentow.jpg 429w, https:\/\/sp3.mikolow.eu\/wp-content\/uploads\/2022\/07\/szkola_talentow-216x300.jpg 216w\" sizes=\"(max-width: 429px) 100vw, 429px\" \/><\/span><\/p>\n","protected":false},"excerpt":{"rendered":"<p>Nasza szko\u0142a znalaz\u0142a si\u0119 w elitarnym gronie Szk\u00f3\u0142 Odkrywc\u00f3w Talent\u00f3w. W wojew\u00f3dztwie \u015bl\u0105skim ten tytu\u0142 do dnia&nbsp;11 listopada 2011 roku otrzyma\u0142o 137 szk\u00f3\u0142. Akcja przyznawania tytu\u0142u \u201eSzko\u0142a Odkrywc\u00f3w Talent\u00f3w\u201d pod patronatem Ministra Edukacji Narodowej przyczynia si\u0119 do odkrywania, promocji i wspierania uzdolnie\u0144 dzieci i m\u0142odzie\u017cy. W ramach projektu naszej szko\u0142y [&hellip;]<\/p>\n","protected":false},"author":2,"featured_media":0,"parent":3544,"menu_order":0,"comment_status":"closed","ping_status":"closed","template":"","meta":{"ngg_post_thumbnail":0},"_links":{"self":[{"href":"https:\/\/sp3.mikolow.eu\/index.php\/wp-json\/wp\/v2\/pages\/3709"}],"collection":[{"href":"https:\/\/sp3.mikolow.eu\/index.php\/wp-json\/wp\/v2\/pages"}],"about":[{"href":"https:\/\/sp3.mikolow.eu\/index.php\/wp-json\/wp\/v2\/types\/page"}],"author":[{"embeddable":true,"href":"https:\/\/sp3.mikolow.eu\/index.php\/wp-json\/wp\/v2\/users\/2"}],"replies":[{"embeddable":true,"href":"https:\/\/sp3.mikolow.eu\/index.php\/wp-json\/wp\/v2\/comments?post=3709"}],"version-history":[{"count":2,"href":"https:\/\/sp3.mikolow.eu\/index.php\/wp-json\/wp\/v2\/pages\/3709\/revisions"}],"predecessor-version":[{"id":7532,"href":"https:\/\/sp3.mikolow.eu\/index.php\/wp-json\/wp\/v2\/pages\/3709\/revisions\/7532"}],"up":[{"embeddable":true,"href":"https:\/\/sp3.mikolow.eu\/index.php\/wp-json\/wp\/v2\/pages\/3544"}],"wp:attachment":[{"href":"https:\/\/sp3.mikolow.eu\/index.php\/wp-json\/wp\/v2\/media?parent=3709"}],"curies":[{"name":"wp","href":"https:\/\/api.w.org\/{rel}","templated":true}]}}

Szkoła Odkrywców Talentów

<p><span style="font-family: arial, helvetica, sans-serif;">Nasza szkoła znalazła się w elitarnym gronie Szkół Odkrywców Talentów. W województwie śląskim ten tytuł do dnia&nbsp;11 listopada 2011 roku otrzymało 137 szkół. Akcja przyznawania tytułu „Szkoła Odkrywców Talentów” pod patronatem Ministra Edukacji Narodowej przyczynia się do odkrywania, promocji i wspierania uzdolnień dzieci i młodzieży. W ramach projektu naszej szkoły nauczyciele opisali działalność prowadzonych zajęć pozalekcyjnych: <strong>koła przyrodniczo-ekologicznego Kameleon, kółka muzycznego, zajęć sportowych, </strong>a także <strong>klubu wolontariatu</strong>.</span></p>
<p><span style="font-family: arial, helvetica, sans-serif;">Jesteśmy dumni z tego osiągnięcia, tym bardziej, że w powiecie mikołowskim tylko trzy szkoły otrzymały ten tytuł.</span></p>
<p><span style="font-family: arial, helvetica, sans-serif;"><strong><a href="http://www.ore.edu.pl/index.php?option=com_content&amp;view=article&amp;id=1248&amp;Itemid=1499">Szkoły Odkrywców Talentów</a></strong></span></p>
<p><span style="font-family: arial, helvetica, sans-serif;"><img loading="lazy" class="aligncenter wp-image-3710 size-full" src="https://sp3.mikolow.eu/wp-content/uploads/2022/07/szkola_talentow.jpg" alt="" width="429" height="595" srcset="https://sp3.mikolow.eu/wp-content/uploads/2022/07/szkola_talentow.jpg 429w, https://sp3.mikolow.eu/wp-content/uploads/2022/07/szkola_talentow-216x300.jpg 216w" sizes="(max-width: 429px) 100vw, 429px" /></span></p>

<p>Nasza szkoła znalazła się w elitarnym gronie Szkół Odkrywców Talentów. W województwie śląskim ten tytuł do dnia&nbsp;11 listopada 2011 roku otrzymało 137 szkół. Akcja przyznawania tytułu „Szkoła Odkrywców Talentów” pod patronatem Ministra Edukacji Narodowej przyczynia się do odkrywania, promocji i wspierania uzdolnień dzieci i młodzieży. W ramach projektu naszej szkoły [&hellip;]</p>
