{"id":3706,"date":"2022-07-28T06:28:05","date_gmt":"2022-07-28T06:28:05","guid":{"rendered":"https:\/\/sp3.mikolow.eu\/?page_id=3706"},"modified":"2023-12-19T19:40:19","modified_gmt":"2023-12-19T17:40:19","slug":"program-promocji-zdrowia","status":"publish","type":"page","link":"https:\/\/sp3.mikolow.eu\/index.php\/o-szkole\/program-promocji-zdrowia\/","title":{"rendered":"Program Promocji Zdrowia"},"content":{"rendered":"<p><span style=\"font-family: arial, helvetica, sans-serif;\"><strong>REALIZUJEMY PROGRAM ZDROWOTNY<\/strong><\/span><\/p>\n<p><span style=\"font-family: arial, helvetica, sans-serif;\">Nasza szko\u0142a od lat podejmuje dzia\u0142ania maj\u0105ce na celu propagowanie zdrowego stylu \u017cycia. Jeste\u015bmy najbardziej usportowion\u0105 szko\u0142\u0105 w powiecie miko\u0142owskim oraz przez ostatnie dwa lata zajmowali\u015bmy 2 miejsce we wsp\u00f3\u0142zawodnictwie sportowym szk\u00f3\u0142 podstawowych w wojew\u00f3dztwie \u015bl\u0105skim.<\/span><\/p>\n<p><span style=\"font-family: arial, helvetica, sans-serif;\">Nasi uczniowie aktywnie uczestnicz\u0105 w wielu imprezach sportowo-rekreacyjnych, a w szkole realizowanych jest wiele program\u00f3w i dzia\u0142a\u0144 maj\u0105cych na celu propagowanie zdrowego stylu \u017cycia na 3 p\u0142aszczyznach (zdrowe od\u017cywianie, aktywno\u015b\u0107 fizyczna i higiena cia\u0142a i umys\u0142u).<\/span><\/p>\n<p><span style=\"font-family: arial, helvetica, sans-serif;\"><strong>G\u0142\u00f3wnym celem programu<\/strong> jest propagowanie zdrowego trybu \u017cycia poprzez:<\/span><\/p>\n<ul>\n<li><span style=\"font-family: arial, helvetica, sans-serif;\">prowadzenie edukacji z zakresu osobistej i higieny otoczenia w\u015br\u00f3d ca\u0142ej spo\u0142eczno\u015bci szkolnej;<\/span><\/li>\n<li><span style=\"font-family: arial, helvetica, sans-serif;\">dzia\u0142ania podejmowane na rzecz higieny osobistej i higieny otoczenia;<\/span><\/li>\n<li><span style=\"font-family: arial, helvetica, sans-serif;\">prowadzenie edukacji z zakresu bezpiecze\u0144stwa i profilaktyki;<\/span><\/li>\n<li><span style=\"font-family: arial, helvetica, sans-serif;\">dzia\u0142ania podejmowane na rzecz bezpiecze\u0144stwa w szkole i poza ni\u0105;<\/span><\/li>\n<li><span style=\"font-family: arial, helvetica, sans-serif;\">prowadzenie edukacji z zakresu zdrowia psychicznego;<\/span><\/li>\n<li><span style=\"font-family: arial, helvetica, sans-serif;\">dzia\u0142ania podejmowane na rzecz zdrowia psychicznego.<\/span><\/li>\n<\/ul>\n<p><span style=\"font-family: arial, helvetica, sans-serif;\">Za\u0142o\u017cenia programu s\u0105 zgodne z aktualnie obowi\u0105zuj\u0105c\u0105 podstaw\u0105 programow\u0105, szkolnym zestawem program\u00f3w nauczania, statutem szko\u0142y i programem profilaktyki szko\u0142y.<\/span><\/p>\n<p><span style=\"font-family: arial, helvetica, sans-serif;\">Pragniemy nauczy\u0107 dzieci, co powinny zawiera\u0107 zdrowe posi\u0142ki, jak istotny dla zdrowia i dobrego samopoczucia jest ruch fizyczny.<\/span><\/p>\n<p><span style=\"font-family: arial, helvetica, sans-serif;\">Oczekujemy, \u017ce uczniowie nab\u0119d\u0105 wiele przydatnych dla ich zdrowia i rozwoju nawyk\u00f3w i umiej\u0119tno\u015bci, m.in.<\/span><\/p>\n<ul>\n<li><span style=\"font-family: arial, helvetica, sans-serif;\">dokonywania zdrowych wybor\u00f3w produkt\u00f3w do jedzenia i picia;<\/span><\/li>\n<li><span style=\"font-family: arial, helvetica, sans-serif;\">nab\u0119d\u0105 nowe umiej\u0119tno\u015bci m.in. sprawno\u015bciowe, ruchowe,<\/span><\/li>\n<li><span style=\"font-family: arial, helvetica, sans-serif;\">zadbaj\u0105 o prawid\u0142ow\u0105 postaw\u0119 cia\u0142a;<\/span><\/li>\n<li><span style=\"font-family: arial, helvetica, sans-serif;\">wyka\u017c\u0105 dba\u0142o\u015b\u0107 o porz\u0105dek otoczenia wok\u00f3\u0142 siebie;<\/span><\/li>\n<li><span style=\"font-family: arial, helvetica, sans-serif;\">poznaj\u0105 zasady udzielania pierwszej pomocy i w\u0142a\u015bciwego zachowania si\u0119 w razie wypadku;<\/span><\/li>\n<li><span style=\"font-family: arial, helvetica, sans-serif;\">poszerz\u0105 wiedz\u0119 z zakresu przepis\u00f3w ruchu drogowego;<\/span><\/li>\n<li><span style=\"font-family: arial, helvetica, sans-serif;\">poznaj\u0105 zagro\u017cenia, jakie nios\u0105 ze sob\u0105 wszelkiego rodzaju u\u017cywki;<\/span><\/li>\n<li><span style=\"font-family: arial, helvetica, sans-serif;\">poznaj\u0105 i respektuj\u0105 zasady i przepisy ruchu drogowego;<\/span><\/li>\n<li><span style=\"font-family: arial, helvetica, sans-serif;\">b\u0119d\u0105 wiedzie\u0107, jak radzi\u0107 sobie ze stresem;<\/span><\/li>\n<\/ul>\n<p><span style=\"font-family: arial, helvetica, sans-serif;\">\u00fc&nbsp; b\u0119d\u0105 komunikowa\u0107 si\u0119 z innymi, zachowuj\u0105c postawy poszanowania dla innych, kultury s\u0142owa oraz tolerancji wzgl\u0119dem wsp\u00f3\u0142rozm\u00f3wcy.<\/span><\/p>\n<p><span style=\"font-family: arial, helvetica, sans-serif;\"><strong>Aby program by\u0142 skutecznie wdra\u017cany, liczymy na Pa\u0144stwa wsp\u00f3\u0142prac\u0119. Daj\u0105c dzieciom dobry przyk\u0142ad i post\u0119puj\u0105c jednym frontem, osi\u0105gniemy zamierzony cel.<\/strong><\/span><\/p>\n","protected":false},"excerpt":{"rendered":"<p>REALIZUJEMY PROGRAM ZDROWOTNY Nasza szko\u0142a od lat podejmuje dzia\u0142ania maj\u0105ce na celu propagowanie zdrowego stylu \u017cycia. Jeste\u015bmy najbardziej usportowion\u0105 szko\u0142\u0105 w powiecie miko\u0142owskim oraz przez ostatnie dwa lata zajmowali\u015bmy 2 miejsce we wsp\u00f3\u0142zawodnictwie sportowym szk\u00f3\u0142 podstawowych w wojew\u00f3dztwie \u015bl\u0105skim. Nasi uczniowie aktywnie uczestnicz\u0105 w wielu imprezach sportowo-rekreacyjnych, a w szkole [&hellip;]<\/p>\n","protected":false},"author":2,"featured_media":0,"parent":3544,"menu_order":0,"comment_status":"closed","ping_status":"closed","template":"","meta":{"ngg_post_thumbnail":0},"_links":{"self":[{"href":"https:\/\/sp3.mikolow.eu\/index.php\/wp-json\/wp\/v2\/pages\/3706"}],"collection":[{"href":"https:\/\/sp3.mikolow.eu\/index.php\/wp-json\/wp\/v2\/pages"}],"about":[{"href":"https:\/\/sp3.mikolow.eu\/index.php\/wp-json\/wp\/v2\/types\/page"}],"author":[{"embeddable":true,"href":"https:\/\/sp3.mikolow.eu\/index.php\/wp-json\/wp\/v2\/users\/2"}],"replies":[{"embeddable":true,"href":"https:\/\/sp3.mikolow.eu\/index.php\/wp-json\/wp\/v2\/comments?post=3706"}],"version-history":[{"count":2,"href":"https:\/\/sp3.mikolow.eu\/index.php\/wp-json\/wp\/v2\/pages\/3706\/revisions"}],"predecessor-version":[{"id":7526,"href":"https:\/\/sp3.mikolow.eu\/index.php\/wp-json\/wp\/v2\/pages\/3706\/revisions\/7526"}],"up":[{"embeddable":true,"href":"https:\/\/sp3.mikolow.eu\/index.php\/wp-json\/wp\/v2\/pages\/3544"}],"wp:attachment":[{"href":"https:\/\/sp3.mikolow.eu\/index.php\/wp-json\/wp\/v2\/media?parent=3706"}],"curies":[{"name":"wp","href":"https:\/\/api.w.org\/{rel}","templated":true}]}}