{"id":3552,"date":"2022-07-05T06:06:22","date_gmt":"2022-07-05T06:06:22","guid":{"rendered":"https:\/\/sp3.mikolow.eu\/?page_id=3552"},"modified":"2025-08-28T17:54:24","modified_gmt":"2025-08-28T16:54:24","slug":"druki_do_pobrania","status":"publish","type":"page","link":"https:\/\/sp3.mikolow.eu\/index.php\/druki_do_pobrania\/","title":{"rendered":"DRUKI DO POBRANIA"},"content":{"rendered":"<p><span style=\"font-family: arial, helvetica, sans-serif;\"><strong>Rezygnacja z nauki drugiego j\u0119zyka obcego<\/strong><\/span><\/p>\n<ul>\n<li><span style=\"font-family: arial, helvetica, sans-serif;\"><a href=\"https:\/\/sp3.mikolow.eu\/wp-content\/uploads\/2024\/01\/Rezygnacja-z-nauki-drugiego-jezyka-obcego.doc\">Rezygnacja-z-nauki-drugiego-jezyka-obcego<\/a><\/span><\/li>\n<\/ul>\n<p><span style=\"font-family: arial, helvetica, sans-serif;\"><strong>Rezygnacja z religii \/ etyki<\/strong><\/span><\/p>\n<ul>\n<li><span style=\"font-family: arial, helvetica, sans-serif;\"><a href=\"https:\/\/sp3.mikolow.eu\/wp-content\/uploads\/2024\/01\/rezygnacja_z_religii.docx\">rezygnacja_z_religii<\/a><\/span><\/li>\n<\/ul>\n<ul>\n<li><span style=\"font-family: arial, helvetica, sans-serif;\"><a href=\"https:\/\/sp3.mikolow.eu\/wp-content\/uploads\/2024\/01\/Rezygnacja-etyka-1.doc\">Rezygnacja-etyka<\/a><\/span><\/li>\n<\/ul>\n<p><span style=\"font-family: arial, helvetica, sans-serif;\"><strong>Wniosek o wydanie opinii<\/strong><\/span><\/p>\n<ul>\n<li><span style=\"font-family: arial, helvetica, sans-serif;\"><a href=\"https:\/\/sp3.mikolow.eu\/wp-content\/uploads\/2023\/12\/wniosek-o-wydanie-opinii.doc\">wniosek-o-wydanie-opinii<\/a><\/span><\/li>\n<\/ul>\n<p><span style=\"color: #000000; font-family: arial, helvetica, sans-serif;\"><strong>Wniosek o wydanie legitymacji szkolnej<\/strong><br \/>\n<\/span><\/p>\n<ul>\n<li><span style=\"font-family: arial, helvetica, sans-serif;\"><a href=\"https:\/\/sp3.mikolow.eu\/wp-content\/uploads\/2023\/12\/wniosek_o_wydanie_legitymacji_szkolnej.docx\">wniosek_o_wydanie_legitymacji_szkolnej<\/a><\/span><\/li>\n<\/ul>\n<p><span style=\"font-family: arial, helvetica, sans-serif;\"><strong>Nagroda Burmistrza Miko\u0142owa za wyniki w nauce <\/strong>(<a href=\"https:\/\/sp3.mikolow.eu\/wp-content\/uploads\/2025\/05\/Uchwala-1.pdf\">Uchwa\u0142a<\/a><span style=\"color: #000000;\">) (<a href=\"https:\/\/sp3.mikolow.eu\/wp-content\/uploads\/2025\/05\/INFORMACJA-Nagrody-Burmistrza-Mikolowa-2025.pdf\">INFORMACJA &#8211; Nagrody Burmistrza Miko\u0142owa 2025<\/a>)<\/span><\/span><\/p>\n<ul>\n<li><span style=\"font-family: arial, helvetica, sans-serif;\"><a href=\"https:\/\/sp3.mikolow.eu\/wp-content\/uploads\/2025\/05\/1.-wniosek-o-przyznanie-nagrody-dla-ucznia.pdf\">wniosek o przyznanie nagrody dla ucznia<\/a><\/span><\/li>\n<li><span style=\"font-family: arial, helvetica, sans-serif;\"><a href=\"https:\/\/sp3.mikolow.eu\/wp-content\/uploads\/2025\/05\/3.-pit2a-1.pdf\">pit2a<\/a><\/span><\/li>\n<li><span style=\"font-family: arial, helvetica, sans-serif;\"><a href=\"https:\/\/sp3.mikolow.eu\/wp-content\/uploads\/2025\/05\/3a.-pit2a-INSTRUKCJA-jak-wypelnic-1.pdf\">pit2a &#8211; INSTRUKCJA &#8211; jak wype\u0142ni\u0107<\/a><\/span><\/li>\n<li><span style=\"font-family: arial, helvetica, sans-serif;\"><a href=\"https:\/\/sp3.mikolow.eu\/wp-content\/uploads\/2025\/05\/2.-zalacznik-do-wniosku-zaswiadczenie-ze-szkoly.pdf\">za\u0142\u0105cznik do wniosku &#8211; za\u015bwiadczenie ze szko\u0142y<\/a><\/span><\/li>\n<li><span style=\"font-family: arial, helvetica, sans-serif;\">link do stronu urz\u0119du miasta: <a href=\"https:\/\/bip.mikolow.eu\/kategorie\/265-nagrody-burmistrza-mikolowa-za-wyniki-w-nauce\/artykuly\/826-nagrody-burmistrza-mikolowa-za-wyniki-w-nauce?lang=PL\">https:\/\/bip.mikolow.eu\/kategorie\/265-nagrody-burmistrza-mikolowa-za-wyniki-w-nauce\/artykuly\/826-nagrody-burmistrza-mikolowa-za-wyniki-w-nauce?lang=PL<\/a><\/span><\/li>\n<\/ul>\n<p><span style=\"font-family: arial, helvetica, sans-serif;\"><strong>Wniosek o duplikat karty rowerowej<\/strong><\/span><\/p>\n<ul>\n<li><span style=\"font-family: arial, helvetica, sans-serif;\"><a href=\"https:\/\/sp3.mikolow.eu\/wp-content\/uploads\/2023\/12\/wniosek_o_wydanie_duplikatu-karty-rowerowej.docx\">wniosek_o_wydanie_duplikatu-karty-rowerowej<\/a><\/span><\/li>\n<\/ul>\n<p><span style=\"color: #000000; font-family: arial, helvetica, sans-serif;\"><strong>Zwolnienie z zaj\u0119\u0107 edukacji zdrowotnej&nbsp;<\/strong><\/span><\/p>\n<ul>\n<li><span style=\"font-family: arial, helvetica, sans-serif;\"><a href=\"https:\/\/sp3.mikolow.eu\/wp-content\/uploads\/2025\/08\/zwolnienie_edukacja_zdrowotna_wzor.docx\">zwolnienie_edukacja_zdrowotna_wzor<\/a><\/span><\/li>\n<\/ul>\n<p><span style=\"color: #000000; font-family: arial, helvetica, sans-serif;\"><strong>Zg\u0142aszanie do klasy pierwszej dzieci&nbsp;zamieszka\u0142ych w obwodzie&nbsp;<\/strong><\/span><\/p>\n<ul>\n<li><span style=\"font-family: arial, helvetica, sans-serif;\"><a href=\"https:\/\/sp3.mikolow.eu\/wp-content\/uploads\/2024\/01\/Zgloszenie_dziecka_zamieszkalego_w_obwodzie_szkoly_podstawowej_do_klasy_pierwszej.docx\">Zgloszenie_dziecka_zamieszkalego_w_obwodzie_szkoly_podstawowej_do_klasy_pierwszej<\/a><\/span><\/li>\n<li><span style=\"font-family: arial, helvetica, sans-serif;\"><a href=\"https:\/\/sp3.mikolow.eu\/wp-content\/uploads\/2023\/12\/Klauzula_inform._-zgloszenie_do_szkoly.docx\">Klauzula_inform._-zgloszenie_do_szkoly<\/a><\/span><\/li>\n<li><span style=\"font-family: arial, helvetica, sans-serif;\"><a href=\"https:\/\/sp3.mikolow.eu\/wp-content\/uploads\/2023\/12\/Meldunkowy_-_ulice_nowy_obwod.doc\">Meldunkowy_-_ulice_nowy_obwod<\/a><\/span><\/li>\n<\/ul>\n<p><span style=\"color: #000000; font-family: arial, helvetica, sans-serif;\"><strong>&nbsp;Rekrutacja do klas pierwszych kandydat\u00f3w spoza obwodu<\/strong><\/span><\/p>\n<ul>\n<li><span style=\"font-family: arial, helvetica, sans-serif;\"><a href=\"https:\/\/sp3.mikolow.eu\/wp-content\/uploads\/2024\/01\/zgloszenie_poza_obwodem.docx\">zgloszenie_poza_obwodem<\/a><\/span><\/li>\n<li><span style=\"font-family: arial, helvetica, sans-serif;\"><a href=\"https:\/\/sp3.mikolow.eu\/wp-content\/uploads\/2023\/12\/oswiadczenie_uczeszczanie_do_przedszkola.docx\">oswiadczenie_uczeszczanie_do_przedszkola<\/a><\/span><\/li>\n<li><span style=\"font-family: arial, helvetica, sans-serif;\"><a href=\"https:\/\/sp3.mikolow.eu\/wp-content\/uploads\/2023\/12\/oswiadczenie_osoba_opiekujaca_sie_zamieszkuje_w_rejonie.docx\">oswiadczenie_osoba_opiekujaca_sie_zamieszkuje_w_rejonie<\/a><\/span><\/li>\n<li><span style=\"font-family: arial, helvetica, sans-serif;\"><a href=\"https:\/\/sp3.mikolow.eu\/wp-content\/uploads\/2023\/12\/oswiadczenie_miejsce_pracy.docx\">oswiadczenie_miejsce_pracy<\/a><\/span><\/li>\n<li><span style=\"font-family: arial, helvetica, sans-serif;\"><a href=\"https:\/\/sp3.mikolow.eu\/wp-content\/uploads\/2023\/12\/oswiadczenie_rodzenstwo.docx\">oswiadczenie_rodzenstwo<\/a><\/span><\/li>\n<\/ul>\n<p><span style=\"color: #000000; font-family: arial, helvetica, sans-serif;\"><strong>Podanie rodzica &#8211; opinia o dziecku<\/strong><\/span><\/p>\n<p><span style=\"font-family: arial, helvetica, sans-serif;\"><a href=\"https:\/\/sp3.mikolow.eu\/wp-content\/uploads\/2024\/01\/prosba_rodzica_wydanie_opinii-2.docx\">prosba_rodzica_wydanie_opinii<\/a><\/span><\/p>\n","protected":false},"excerpt":{"rendered":"<p>Rezygnacja z nauki drugiego j\u0119zyka obcego Rezygnacja-z-nauki-drugiego-jezyka-obcego Rezygnacja z religii \/ etyki rezygnacja_z_religii Rezygnacja-etyka Wniosek o wydanie opinii wniosek-o-wydanie-opinii Wniosek o wydanie legitymacji szkolnej wniosek_o_wydanie_legitymacji_szkolnej Nagroda Burmistrza Miko\u0142owa za wyniki w nauce (Uchwa\u0142a) (INFORMACJA &#8211; Nagrody Burmistrza Miko\u0142owa 2025) wniosek o przyznanie nagrody dla ucznia pit2a pit2a &#8211; INSTRUKCJA &#8211; [&hellip;]<\/p>\n","protected":false},"author":2,"featured_media":0,"parent":0,"menu_order":0,"comment_status":"closed","ping_status":"closed","template":"","meta":{"ngg_post_thumbnail":0},"_links":{"self":[{"href":"https:\/\/sp3.mikolow.eu\/index.php\/wp-json\/wp\/v2\/pages\/3552"}],"collection":[{"href":"https:\/\/sp3.mikolow.eu\/index.php\/wp-json\/wp\/v2\/pages"}],"about":[{"href":"https:\/\/sp3.mikolow.eu\/index.php\/wp-json\/wp\/v2\/types\/page"}],"author":[{"embeddable":true,"href":"https:\/\/sp3.mikolow.eu\/index.php\/wp-json\/wp\/v2\/users\/2"}],"replies":[{"embeddable":true,"href":"https:\/\/sp3.mikolow.eu\/index.php\/wp-json\/wp\/v2\/comments?post=3552"}],"version-history":[{"count":30,"href":"https:\/\/sp3.mikolow.eu\/index.php\/wp-json\/wp\/v2\/pages\/3552\/revisions"}],"predecessor-version":[{"id":10260,"href":"https:\/\/sp3.mikolow.eu\/index.php\/wp-json\/wp\/v2\/pages\/3552\/revisions\/10260"}],"wp:attachment":[{"href":"https:\/\/sp3.mikolow.eu\/index.php\/wp-json\/wp\/v2\/media?parent=3552"}],"curies":[{"name":"wp","href":"https:\/\/api.w.org\/{rel}","templated":true}]}}